 Let k be a(8). Calculate the greatest common factor of 168 and k.
24
Suppose 2*i - 2*l - 150 = -6*l, 4*i + 3*l - 320 = 0. Suppose -1 = 4*q + 3, -5*a - 2*q + i = 0. Calculate the highest common factor of 51 and a.
17
Let f(b) = -7*b + 3. Let v be f(0). Suppose d = 3*j + 9 - 104, -2*d - 25 = -j. What is the greatest common divisor of v and j?
3
Let m = 28 + -25. Let p(k) = -m*k + 3*k**2 + 20 + k**3 - 4*k**2 + 4*k. Let h be p(0). Calculate the greatest common divisor of 8 and h.
4
Let p(z) = z**2 - 8*z - 1. Let w be p(8). Let y(x) = -34*x + 5. Let a be y(w). What is the greatest common factor of a and 13?
13
Let p be (-3)/6 + (-326)/(-4). Let k(y) = 5*y + 4. Let z be k(1). Calculate the greatest common divisor of z and p.
9
Suppose -300 = -5*t + 3*k + k, -2*k + 300 = 5*t. What is the highest common divisor of 150 and t?
30
Let p = 68 - 65. Suppose -4*q + 28 = 2*k, -p*q = -k + 4*k - 15. What is the greatest common divisor of 9 and q?
9
Let s(j) = 2*j**3 + 4*j**2 - 5*j + 4. Let i be s(-5). Let w = i - -171. Calculate the highest common divisor of w and 125.
25
Let n be (-3 + -11)*(-14)/(-4). Let h be (-210)/n + 4/(-14). What is the greatest common factor of h and 6?
2
Let w(u) = u**2 + 3. Suppose 20 = -2*c - 5*q, 4*c + 7 + 19 = -3*q. Let m be w(c). What is the greatest common factor of 14 and m?
14
Suppose 5*b - 82 + 21 = -x, -3*x - 2*b + 157 = 0. Calculate the highest common divisor of 34 and x.
17
Let c(w) = -w - 4. Let i be c(-6). Let n be -3*(i + 8/(-3)). Suppose n*l = 2 + 2. Calculate the highest common divisor of l and 22.
2
Let l(w) = -14*w + 13. Let r be l(2). Let j be (-2)/4 - (1215/6)/r. Calculate the greatest common factor of j and 91.
13
Let v be (-41)/(-8) - 12/96. Suppose 25 = v*y + 5. Suppose -f + 0*f + 60 = l, 0 = l - y*f - 35. Calculate the greatest common factor of 11 and l.
11
Suppose -28 = -5*o + 42. Suppose 4*h + 3 - 11 = 0. What is the highest common factor of h and o?
2
Let u = -12 + 16. Suppose 0 = -5*y + u*y - 19. Let w = 1 - y. Calculate the highest common divisor of 50 and w.
10
Let j(f) = -12*f. Let t be j(-4). Let c be (-356)/(-12) + 4 - 5/3. Calculate the highest common divisor of t and c.
16
Suppose -2*o - 55 = -5*p, 0 = 4*p - 6*o + 5*o - 41. Calculate the highest common factor of 4 and p.
1
Let a(c) = -c**2 + 10*c + 8. Let r be a(4). Calculate the greatest common divisor of r and 480.
32
Let q be -2*(-8 + 15/2). What is the highest common divisor of 19 and q?
1
Let o(j) = -j + 13. Let f be o(-9). Let y(v) = 2*v**3 - f*v**2 + 35*v**2 - 3*v**3 + 16. Let z be y(12). What is the greatest common divisor of z and 20?
20
Let b(u) = 19*u**2 + 2. Let q be b(-2). Suppose 10*k + q = 16*k. What is the highest common factor of k and 104?
13
Let x = -1875 - -1887. Calculate the greatest common divisor of 2028 and x.
12
Suppose 0*h = -2*h + 30. Suppose -86*i = -87*i + 3. Calculate the greatest common factor of h and i.
3
Let y be 7/(1/(-5)*6/6). Let j = y + 39. Calculate the greatest common factor of j and 16.
4
Let j = 82 - 75. Let g be 13/(1 - (-48)/(-52)). Suppose -3*v = -0*v + 4*d - g, 4*v - 227 = -5*d. Calculate the greatest common divisor of j and v.
7
Let u = -373 + 1055. Calculate the greatest common factor of u and 62.
62
Let k(g) = g**2 - 6*g + 12. Let s be k(3). Let c be s/4 - 337/(-4). Calculate the highest common divisor of 17 and c.
17
Let z(k) = -k + 12. Let n be z(0). Let i be 1316/(-84) - (-2)/3. Let f be 323/3 - 5/i. What is the highest common divisor of n and f?
12
Let a(m) = 13*m + 1. Let r be a(-3). Let q = 149 + -96. Let y = r + q. Calculate the highest common factor of y and 3.
3
Let d be ((-76)/(-2))/(10/65). Calculate the greatest common divisor of 19 and d.
19
Suppose 0 = -4*h - 2*p - 3*p - 169, -207 = 5*h + 2*p. Let q = 68 + h. What is the highest common factor of 3 and q?
3
Let x = 46 - 24. Let b = 28 - x. Suppose n = -b + 15. Calculate the highest common factor of 3 and n.
3
Suppose u + 13 = 4*a - 2*a, -4*u - 32 = -3*a. Let r = -6 + a. Let p be -1*30*2/r. What is the greatest common divisor of 20 and p?
10
Let g be (-94)/235 + 1564/10. What is the greatest common factor of 104 and g?
52
Let v(z) = 12*z**3 - 2*z**3 + 2*z**2 - 6*z**3 - 2*z**3. Let g be v(1). What is the highest common divisor of g and 4?
4
Suppose 5*p - 155 = -a - 2*a, 4*p = -8. Suppose -3*n = 4*j - 1757, 5*n - 10*n - 1325 = -3*j. What is the highest common divisor of j and a?
55
Suppose 0 = 6*s - 9*s. Suppose -y - 18 - 58 = s. Let j be y/(-16)*-2*-2. What is the greatest common factor of 19 and j?
19
Suppose 2*n = 71 + 1. Let b = 40 - 71. Let u = n + b. Calculate the greatest common factor of 2 and u.
1
Suppose 14 + 7 = x + v, 0 = -v - 5. Let k be 0 + 0 + (x - 6). Calculate the greatest common divisor of 20 and k.
20
Let p be 17/((-102)/(-36))*(-3)/(-6). Let k be p - (4 + -1)*-1. Calculate the greatest common factor of 15 and k.
3
Suppose -713 = -14*h + 267. Let w be (-3)/2 + (-6)/(-4). Suppose -d + 1 + 13 = w. What is the greatest common factor of d and h?
14
Suppose 3900 = 5*m + 21*m. What is the greatest common factor of m and 270?
30
Let u be (5 - -9)*1/2. Let f be ((-35)/(-2))/u*8. Suppose -f = -4*y - y. Calculate the greatest common factor of 44 and y.
4
Let o(b) = 18*b - 6. Let n be o(4). Let a(x) = 144*x - 266. Let y be a(2). Calculate the greatest common divisor of y and n.
22
Let c = -146 - -220. Let u = -50 + c. Calculate the greatest common factor of u and 60.
12
Let a = 298 + 32. Suppose 9*r - 1301 = -1004. What is the highest common divisor of a and r?
33
Let b be 32/(-3)*(-108)/8. What is the highest common divisor of 40 and b?
8
Let k = 783 - 651. Calculate the greatest common divisor of 24 and k.
12
Let w(t) = -7*t**2 + 25*t - 38. Let c(i) = 4*i**2 - 13*i + 19. Let z(m) = -5*c(m) - 3*w(m). Let d be z(9). What is the greatest common divisor of 4 and d?
2
Let w = 1711 - 1662. Calculate the highest common factor of 2 and w.
1
Let t be (-4)/15*-159 + 8/(-20). Let r(x) be the third derivative of x**4/24 - x**2. Let s be r(6). What is the highest common divisor of s and t?
6
Suppose 5*y - 3*x = 69, 4*y - 2*x - 63 = -9. What is the greatest common factor of y and 66?
6
Let x(l) = 12*l - 297. Let b be x(26). Suppose -12 = -2*q - 2*q. Calculate the highest common factor of b and q.
3
Suppose 3*d + 3 = -s + 5*s, -5*s = -5*d. Suppose -6*g - d*g = -288. What is the highest common divisor of 4 and g?
4
Suppose -450*r + 443*r + 469 = 0. What is the highest common factor of r and 67?
67
Let l(i) = i**3 + i**2 - 7*i + 16. Let p be l(4). Calculate the highest common divisor of p and 238.
34
Let o be (-124)/(-9) - (-4)/18. Suppose -154*v = -19*v - 1890. Calculate the greatest common divisor of v and o.
14
Suppose -2*z - 2904 + 4200 = 0. What is the highest common factor of 72 and z?
72
Let h = 12 - 12. Suppose h*d = d - l - 8, 4*l = -2*d - 14. Suppose 0 = d*f - 444 - 36. Calculate the greatest common divisor of 32 and f.
32
Let f be (-58)/6*30/(-45)*9. Calculate the highest common divisor of 87 and f.
29
Let f(m) = -m**3 - 11*m**2 - 2*m + 17. Let y be f(-12). Calculate the highest common factor of 259 and y.
37
Let t(v) = 60*v - 54. Let m be t(1). What is the greatest common factor of m and 111?
3
Let q be 12/(-20) + 54/15. Suppose 0 = 2*s - q*s + 21. Suppose -3*i - s = -57. What is the greatest common factor of 18 and i?
6
Suppose 0 = -4*i + 28 + 112. Let j be (2 - (-7)/2)/(1/4). Let a = 36 - j. Calculate the greatest common divisor of a and i.
7
Let s(r) = 2*r - 3. Let z be s(4). Let q(b) = -b**2 + 6*b - 3. Let w be q(z). Calculate the greatest common divisor of 22 and w.
2
Suppose -r + 5*r = 12, -r + 89 = 2*j. Let d = 76 - j. Calculate the greatest common divisor of d and 165.
33
Suppose 9 = -4*k + 7*k. Let i be (k - (-1 - -6))*-1. Suppose i*v - 131 = 13. What is the greatest common factor of v and 9?
9
Suppose 475 = 10*g + 9*g. Calculate the highest common factor of g and 1650.
25
Let g be 4 + 4/(-10) + (-2)/(-5). Suppose 21 = 2*y - t, 4*y + g*t = -y + 59. Let x be ((-66)/(-8))/(1/4). What is the highest common factor of y and x?
11
Suppose 2*i - 9 = -i - 3*h, 15 = 5*i + 2*h. Suppose -v = -i*o - 3, -24 + 9 = -5*o. Let s be (-3)/(v/(-16)) + 10. What is the highest common factor of 14 and s?
14
Let i be 2 - -4 - 2/(-1). Suppose -2